{"id":2978,"date":"2020-11-11T01:54:13","date_gmt":"2020-11-11T01:54:13","guid":{"rendered":"https:\/\/demo2wpopal.b-cdn.net\/spacey\/?page_id=2978"},"modified":"2021-10-18T15:43:37","modified_gmt":"2021-10-18T13:43:37","slug":"lage","status":"publish","type":"page","link":"https:\/\/chalet-st-michael.ch\/francais\/lage\/","title":{"rendered":"Situation"},"content":{"rendered":"<div data-elementor-type=\"wp-page\" data-elementor-id=\"2978\" class=\"elementor elementor-2978\" data-elementor-post-type=\"page\">\n\t\t\t\t\t\t<div class=\"elementor-section elementor-top-section elementor-element elementor-element-5758584 elementor-section-full_width elementor-section-stretched elementor-section-height-default elementor-section-height-default\" data-id=\"5758584\" data-element_type=\"section\" data-e-type=\"section\" data-settings=\"{&quot;stretch_section&quot;:&quot;section-stretched&quot;,&quot;background_background&quot;:&quot;classic&quot;}\">\n\t\t\t\t\t\t<div class=\"elementor-container elementor-column-gap-no\">\n\t\t\t\t\t<div class=\"elementor-column elementor-col-50 elementor-top-column elementor-element elementor-element-31e92f2\" data-id=\"31e92f2\" data-element_type=\"column\" data-e-type=\"column\" data-settings=\"{&quot;background_background&quot;:&quot;classic&quot;}\">\n\t\t\t<div class=\"elementor-widget-wrap elementor-element-populated\">\n\t\t\t\t\t\t<div class=\"elementor-element elementor-element-9186200 elementor-widget__width-initial animated-fast elementor-widget-tablet__width-initial elementor-invisible elementor-widget elementor-widget-heading\" data-id=\"9186200\" data-element_type=\"widget\" data-e-type=\"widget\" data-settings=\"{&quot;_animation&quot;:&quot;opal-move-left&quot;}\" data-widget_type=\"heading.default\">\n\t\t\t\t<div class=\"elementor-widget-container\">\n\t\t\t\t\t<h2 class=\"elementor-heading-title elementor-size-default\">La situation du Chalet St. Michael<\/h2>\t\t\t\t<\/div>\n\t\t\t\t<\/div>\n\t\t\t\t<div class=\"elementor-element elementor-element-9396f86 animated-fast elementor-widget__width-initial elementor-widget-tablet__width-inherit elementor-tabs-view-horizontal elementor-invisible elementor-widget elementor-widget-spacey-tabs elementor-widget-tabs\" data-id=\"9396f86\" data-element_type=\"widget\" data-e-type=\"widget\" data-settings=\"{&quot;_animation&quot;:&quot;opal-move-left&quot;}\" data-widget_type=\"spacey-tabs.default\">\n\t\t\t\t<div class=\"elementor-widget-container\">\n\t\t\t\t\t        <div class=\"elementor-tabs\" role=\"tablist\">\n            <div class=\"elementor-tabs-wrapper\">\n                                    <div id=\"elementor-tab-title-1541\" class=\"elementor-tab-title elementor-tab-desktop-title elementor-active elementor-repeater-item-f9cf33c\" data-tab=\"1\" role=\"tab\" aria-controls=\"elementor-tab-content-1541\">\n                        <a href=\"\">Arriv\u00e9e &amp; parking<\/a>\n                    <\/div>\n                                    <div id=\"elementor-tab-title-1542\" class=\"elementor-tab-title elementor-tab-desktop-title  elementor-repeater-item-8652f74\" data-tab=\"2\" role=\"tab\" aria-controls=\"elementor-tab-content-1542\">\n                        <a href=\"\">Arriv\u00e9e au chalet<\/a>\n                    <\/div>\n                            <\/div>\n            <div class=\"elementor-tabs-content-wrapper\">\n                                    <div class=\"elementor-tab-title elementor-tab-mobile-title elementor-active elementor-repeater-item-f9cf33c\" data-tab=\"1\" role=\"tab\" aria-controls=\"elementor-tab-content-1541\"><a href=\"\">Arriv\u00e9e &amp; parking<\/a><\/div>\n                    <div id=\"elementor-tab-content-1541\" class=\"elementor-tab-content elementor-clearfix elementor-active elementor-repeater-item-f9cf33c\" data-tab=\"1\" role=\"tabpanel\" aria-labelledby=\"elementor-tab-title-1541\">\n                                                    <p>La maison de vacances Chalet St. Michael est situ\u00e9e dans un endroit idyllique, l\u00e9g\u00e8rement sur\u00e9lev\u00e9 au-dessus de l'h\u00f4tel Bad, au-dessus du Lac Noir. Une marche d'environ 5 minutes par un escalier vous m\u00e8ne au chalet. Le parking pour les v\u00e9hicules est disponible \u00e0 l'h\u00f4tel Bad. Un garage est \u00e9galement \u00e0 la disposition des h\u00f4tes pour entreposer leurs skis ou autres ustensiles.<\/p>                                            <\/div>\n\n                                    <div class=\"elementor-tab-title elementor-tab-mobile-title  elementor-repeater-item-8652f74\" data-tab=\"2\" role=\"tab\" aria-controls=\"elementor-tab-content-1542\"><a href=\"\">Arriv\u00e9e au chalet<\/a><\/div>\n                    <div id=\"elementor-tab-content-1542\" class=\"elementor-tab-content elementor-clearfix  elementor-repeater-item-8652f74\" data-tab=\"2\" role=\"tabpanel\" aria-labelledby=\"elementor-tab-title-1542\">\n                                                    <p>Une fois arriv\u00e9 au chalet, la vue incroyable sur le lac et les montagnes vous coupera le souffle.<\/p><p>La r\u00e9gion du Lac Noir offre d'innombrables possibilit\u00e9s de loisirs et de sports. Que ce soit pour escalader les montagnes, faire de longues promenades, nager dans le Lac Noir ou descendre la montagne en luge. Il y en a pour tous les go\u00fbts.<\/p>                                            <\/div>\n\n                            <\/div>\n        <\/div>\n        \t\t\t\t<\/div>\n\t\t\t\t<\/div>\n\t\t\t\t\t<\/div>\n\t\t<\/div>\n\t\t\t\t<div class=\"elementor-column elementor-col-50 elementor-top-column elementor-element elementor-element-5cb04a0\" data-id=\"5cb04a0\" data-element_type=\"column\" data-e-type=\"column\" data-settings=\"{&quot;background_background&quot;:&quot;gradient&quot;}\">\n\t\t\t<div class=\"elementor-widget-wrap elementor-element-populated\">\n\t\t\t\t\t\t<div class=\"elementor-element elementor-element-5009eb3 elementor-widget elementor-widget-video\" data-id=\"5009eb3\" data-element_type=\"widget\" data-e-type=\"widget\" data-settings=\"{&quot;youtube_url&quot;:&quot;https:\\\/\\\/www.youtube.com\\\/watch?v=ZiEf7hVDLv4&quot;,&quot;video_type&quot;:&quot;youtube&quot;,&quot;controls&quot;:&quot;yes&quot;}\" data-widget_type=\"video.default\">\n\t\t\t\t<div class=\"elementor-widget-container\">\n\t\t\t\t\t\t\t<div class=\"elementor-wrapper elementor-open-inline\">\n\t\t\t<div class=\"elementor-video\"><\/div>\t\t<\/div>\n\t\t\t\t\t\t<\/div>\n\t\t\t\t<\/div>\n\t\t\t\t\t<\/div>\n\t\t<\/div>\n\t\t\t\t\t<\/div>\n\t\t<\/div>\n\t\t\t\t<div class=\"elementor-section elementor-top-section elementor-element elementor-element-67e93f7 elementor-section-boxed elementor-section-height-default elementor-section-height-default\" data-id=\"67e93f7\" data-element_type=\"section\" data-e-type=\"section\" data-settings=\"{&quot;background_background&quot;:&quot;classic&quot;}\">\n\t\t\t\t\t\t<div class=\"elementor-container elementor-column-gap-no\">\n\t\t\t\t\t<div class=\"elementor-column elementor-col-100 elementor-top-column elementor-element elementor-element-7ef3af1\" data-id=\"7ef3af1\" data-element_type=\"column\" data-e-type=\"column\">\n\t\t\t<div class=\"elementor-widget-wrap elementor-element-populated\">\n\t\t\t\t\t\t<div class=\"elementor-element elementor-element-f8c86e8 elementor-widget__width-initial animated-fast elementor-invisible elementor-widget elementor-widget-heading\" data-id=\"f8c86e8\" data-element_type=\"widget\" data-e-type=\"widget\" data-settings=\"{&quot;_animation&quot;:&quot;opal-move-up&quot;}\" data-widget_type=\"heading.default\">\n\t\t\t\t<div class=\"elementor-widget-container\">\n\t\t\t\t\t<h2 class=\"elementor-heading-title elementor-size-default\">R\u00e9f\u00e9rences<\/h2>\t\t\t\t<\/div>\n\t\t\t\t<\/div>\n\t\t\t\t\t<\/div>\n\t\t<\/div>\n\t\t\t\t\t<\/div>\n\t\t<\/div>\n\t\t\t\t<div class=\"elementor-section elementor-top-section elementor-element elementor-element-0999958 elementor-section-stretched elementor-section-boxed elementor-section-height-default elementor-section-height-default\" data-id=\"0999958\" data-element_type=\"section\" data-e-type=\"section\" data-settings=\"{&quot;stretch_section&quot;:&quot;section-stretched&quot;,&quot;background_background&quot;:&quot;classic&quot;}\">\n\t\t\t\t\t\t<div class=\"elementor-container elementor-column-gap-no\">\n\t\t\t\t\t<div class=\"elementor-column elementor-col-50 elementor-top-column elementor-element elementor-element-d875121\" data-id=\"d875121\" data-element_type=\"column\" data-e-type=\"column\">\n\t\t\t<div class=\"elementor-widget-wrap elementor-element-populated\">\n\t\t\t\t\t\t<div class=\"elementor-element elementor-element-63dd01b elementor-widget__width-initial elementor-widget-tablet__width-initial animated-fast elementor-invisible elementor-widget elementor-widget-spacey-testimonials\" data-id=\"63dd01b\" data-element_type=\"widget\" data-e-type=\"widget\" data-settings=\"{&quot;_animation&quot;:&quot;opal-move-up&quot;,&quot;_animation_delay&quot;:250}\" data-widget_type=\"spacey-testimonials.default\">\n\t\t\t\t<div class=\"elementor-widget-container\">\n\t\t\t\t\t            <div class=\"elementor-testimonial-item-wrapper\">\n                <div class=\"row\" data-elementor-columns=\"1\">\n                                            <div class=\"column-item elementor-testimonial-item\">\n\n                            <div class=\"testimonial-content\">\n                                                                    <div class=\"content\">\n                                        Notre famille a d\u00e9j\u00e0 eu l'occasion d'organiser plusieurs fois la r\u00e9union de famille au Chalet St Michael. Pour les enfants, il y a une immense pelouse pour jouer, les chambres sont bien am\u00e9nag\u00e9es et remplissent leur fonction. La cuisine r\u00e9nov\u00e9e nous donne \u00e0 chaque fois l'occasion de pr\u00e9parer des repas pour de grands groupes. Nous sommes tr\u00e8s satisfaits et revenons toujours avec plaisir.                                    <\/div>\n                                                                <div class=\"details\">\n                                                <div class=\"image\">\n                <img fetchpriority=\"high\" decoding=\"async\" width=\"2048\" height=\"1366\" src=\"https:\/\/chalet-st-michael.ch\/wp-content\/uploads\/2021\/10\/DSC_2992_Loris-Gross_2921-scaled.jpg\" class=\"attachment-full size-full wp-image-7284\" alt=\"\" srcset=\"https:\/\/chalet-st-michael.ch\/wp-content\/uploads\/2021\/10\/DSC_2992_Loris-Gross_2921-scaled.jpg 2048w, https:\/\/chalet-st-michael.ch\/wp-content\/uploads\/2021\/10\/DSC_2992_Loris-Gross_2921-300x200.jpg 300w, https:\/\/chalet-st-michael.ch\/wp-content\/uploads\/2021\/10\/DSC_2992_Loris-Gross_2921-1024x683.jpg 1024w, https:\/\/chalet-st-michael.ch\/wp-content\/uploads\/2021\/10\/DSC_2992_Loris-Gross_2921-768x512.jpg 768w, https:\/\/chalet-st-michael.ch\/wp-content\/uploads\/2021\/10\/DSC_2992_Loris-Gross_2921-1536x1024.jpg 1536w, https:\/\/chalet-st-michael.ch\/wp-content\/uploads\/2021\/10\/DSC_2992_Loris-Gross_2921-750x500.jpg 750w\" sizes=\"(max-width: 2048px) 100vw, 2048px\" \/>            <\/div>\n                                            <div class=\"name-wrap\">\n                                        <div class=\"name\">Loris Gross<\/div>                                        <div class=\"job\">F\u00eate familiale<\/div>\n                                    <\/div>\n                                <\/div>\n                            <\/div>\n\n                        <\/div>\n                                    <\/div>\n            <\/div>\n            \t\t\t\t<\/div>\n\t\t\t\t<\/div>\n\t\t\t\t\t<\/div>\n\t\t<\/div>\n\t\t\t\t<div class=\"elementor-column elementor-col-50 elementor-top-column elementor-element elementor-element-013e1ba\" data-id=\"013e1ba\" data-element_type=\"column\" data-e-type=\"column\">\n\t\t\t<div class=\"elementor-widget-wrap elementor-element-populated\">\n\t\t\t\t\t\t<div class=\"elementor-element elementor-element-f4f724d elementor-widget__width-initial elementor-widget-tablet__width-initial animated-fast elementor-invisible elementor-widget elementor-widget-spacey-testimonials\" data-id=\"f4f724d\" data-element_type=\"widget\" data-e-type=\"widget\" data-settings=\"{&quot;_animation&quot;:&quot;opal-move-up&quot;,&quot;_animation_delay&quot;:250}\" data-widget_type=\"spacey-testimonials.default\">\n\t\t\t\t<div class=\"elementor-widget-container\">\n\t\t\t\t\t            <div class=\"elementor-testimonial-item-wrapper\">\n                <div class=\"row\" data-elementor-columns=\"1\">\n                                            <div class=\"column-item elementor-testimonial-item\">\n\n                            <div class=\"testimonial-content\">\n                                                                    <div class=\"content\">\n                                        Notre famille a d\u00e9j\u00e0 eu l'occasion d'organiser plusieurs fois la r\u00e9union de famille au Chalet St Michael. Pour les enfants, il y a une immense pelouse pour jouer. Les chambres sont bien am\u00e9nag\u00e9es et remplissent leur fonction. La cuisine r\u00e9nov\u00e9e nous donne \u00e0 chaque fois l'occasion de pr\u00e9parer des repas pour tout le monde. Nous y revenons toujours avec plaisir.                                    <\/div>\n                                                                <div class=\"details\">\n                                                <div class=\"image\">\n                <img fetchpriority=\"high\" decoding=\"async\" width=\"2048\" height=\"1366\" src=\"https:\/\/chalet-st-michael.ch\/wp-content\/uploads\/2021\/10\/DSC_2992_Loris-Gross_2921-scaled.jpg\" class=\"attachment-full size-full wp-image-7284\" alt=\"\" srcset=\"https:\/\/chalet-st-michael.ch\/wp-content\/uploads\/2021\/10\/DSC_2992_Loris-Gross_2921-scaled.jpg 2048w, https:\/\/chalet-st-michael.ch\/wp-content\/uploads\/2021\/10\/DSC_2992_Loris-Gross_2921-300x200.jpg 300w, https:\/\/chalet-st-michael.ch\/wp-content\/uploads\/2021\/10\/DSC_2992_Loris-Gross_2921-1024x683.jpg 1024w, https:\/\/chalet-st-michael.ch\/wp-content\/uploads\/2021\/10\/DSC_2992_Loris-Gross_2921-768x512.jpg 768w, https:\/\/chalet-st-michael.ch\/wp-content\/uploads\/2021\/10\/DSC_2992_Loris-Gross_2921-1536x1024.jpg 1536w, https:\/\/chalet-st-michael.ch\/wp-content\/uploads\/2021\/10\/DSC_2992_Loris-Gross_2921-750x500.jpg 750w\" sizes=\"(max-width: 2048px) 100vw, 2048px\" \/>            <\/div>\n                                            <div class=\"name-wrap\">\n                                        <div class=\"name\">Loris Gross<\/div>                                        <div class=\"job\">F\u00eate familiale<\/div>\n                                    <\/div>\n                                <\/div>\n                            <\/div>\n\n                        <\/div>\n                                    <\/div>\n            <\/div>\n            \t\t\t\t<\/div>\n\t\t\t\t<\/div>\n\t\t\t\t\t<\/div>\n\t\t<\/div>\n\t\t\t\t\t<\/div>\n\t\t<\/div>\n\t\t\t\t<\/div>","protected":false},"excerpt":{"rendered":"<p>Die Lage vom Chalet St. Michael Anreise &amp; Parkpl\u00e4tze Ankunft beim Chalet Anreise &amp; Parkpl\u00e4tze Das Ferienhaus Chalet St. Michael liegt idyllisch, leicht erh\u00f6ht oberhalb des Hotel Bad \u00fcber dem Schwarzsee. Ein Fussmarsch von ca. 5 Minuten \u00fcber eine Treppe f\u00fchrt Sie zum Chalet. Der Parkplatz f\u00fcr die Fahrzeuge steht beim Hotel Bad zur Verf\u00fcgung. [&hellip;]<\/p>\n","protected":false},"author":5,"featured_media":0,"parent":0,"menu_order":3,"comment_status":"closed","ping_status":"closed","template":"elementor_header_footer","meta":{"rs_blank_template":"","rs_page_bg_color":"","slide_template_v7":"","inline_featured_image":false,"footnotes":""},"class_list":["post-2978","page","type-page","status-publish","hentry"],"yoast_head":"<!-- This site is optimized with the Yoast SEO plugin v27.6 - https:\/\/yoast.com\/product\/yoast-seo-wordpress\/ -->\n<title>Lage - Chalet St. Michael<\/title>\n<meta name=\"robots\" content=\"index, follow, max-snippet:-1, max-image-preview:large, max-video-preview:-1\" \/>\n<link rel=\"canonical\" href=\"https:\/\/chalet-st-michael.ch\/francais\/lage\/\" \/>\n<meta property=\"og:locale\" content=\"fr_FR\" \/>\n<meta property=\"og:type\" content=\"article\" \/>\n<meta property=\"og:title\" content=\"Lage - Chalet St. Michael\" \/>\n<meta property=\"og:description\" content=\"Die Lage vom Chalet St. Michael Anreise &amp; Parkpl\u00e4tze Ankunft beim Chalet Anreise &amp; Parkpl\u00e4tze Das Ferienhaus Chalet St. Michael liegt idyllisch, leicht erh\u00f6ht oberhalb des Hotel Bad \u00fcber dem Schwarzsee. Ein Fussmarsch von ca. 5 Minuten \u00fcber eine Treppe f\u00fchrt Sie zum Chalet. Der Parkplatz f\u00fcr die Fahrzeuge steht beim Hotel Bad zur Verf\u00fcgung. [&hellip;]\" \/>\n<meta property=\"og:url\" content=\"https:\/\/chalet-st-michael.ch\/francais\/lage\/\" \/>\n<meta property=\"og:site_name\" content=\"Chalet St. Michael\" \/>\n<meta property=\"article:modified_time\" content=\"2021-10-18T13:43:37+00:00\" \/>\n<meta property=\"og:image\" content=\"https:\/\/chalet-st-michael.ch\/wp-content\/uploads\/2021\/10\/DSC_2992_Loris-Gross_2921-scaled.jpg\" \/>\n<meta name=\"twitter:card\" content=\"summary_large_image\" \/>\n<meta name=\"twitter:label1\" content=\"Dur\u00e9e de lecture estim\u00e9e\" \/>\n\t<meta name=\"twitter:data1\" content=\"2 minutes\" \/>\n<script type=\"application\/ld+json\" class=\"yoast-schema-graph\">{\"@context\":\"https:\\\/\\\/schema.org\",\"@graph\":[{\"@type\":\"WebPage\",\"@id\":\"https:\\\/\\\/chalet-st-michael.ch\\\/lage\\\/\",\"url\":\"https:\\\/\\\/chalet-st-michael.ch\\\/lage\\\/\",\"name\":\"Lage - Chalet St. Michael\",\"isPartOf\":{\"@id\":\"https:\\\/\\\/chalet-st-michael.ch\\\/#website\"},\"primaryImageOfPage\":{\"@id\":\"https:\\\/\\\/chalet-st-michael.ch\\\/lage\\\/#primaryimage\"},\"image\":{\"@id\":\"https:\\\/\\\/chalet-st-michael.ch\\\/lage\\\/#primaryimage\"},\"thumbnailUrl\":\"https:\\\/\\\/chalet-st-michael.ch\\\/wp-content\\\/uploads\\\/2021\\\/10\\\/DSC_2992_Loris-Gross_2921-scaled.jpg\",\"datePublished\":\"2020-11-11T01:54:13+00:00\",\"dateModified\":\"2021-10-18T13:43:37+00:00\",\"breadcrumb\":{\"@id\":\"https:\\\/\\\/chalet-st-michael.ch\\\/lage\\\/#breadcrumb\"},\"inLanguage\":\"fr-FR\",\"potentialAction\":[{\"@type\":\"ReadAction\",\"target\":[\"https:\\\/\\\/chalet-st-michael.ch\\\/lage\\\/\"]}]},{\"@type\":\"ImageObject\",\"inLanguage\":\"fr-FR\",\"@id\":\"https:\\\/\\\/chalet-st-michael.ch\\\/lage\\\/#primaryimage\",\"url\":\"https:\\\/\\\/chalet-st-michael.ch\\\/wp-content\\\/uploads\\\/2021\\\/10\\\/DSC_2992_Loris-Gross_2921-scaled.jpg\",\"contentUrl\":\"https:\\\/\\\/chalet-st-michael.ch\\\/wp-content\\\/uploads\\\/2021\\\/10\\\/DSC_2992_Loris-Gross_2921-scaled.jpg\"},{\"@type\":\"BreadcrumbList\",\"@id\":\"https:\\\/\\\/chalet-st-michael.ch\\\/lage\\\/#breadcrumb\",\"itemListElement\":[{\"@type\":\"ListItem\",\"position\":1,\"name\":\"Home\",\"item\":\"https:\\\/\\\/chalet-st-michael.ch\\\/\"},{\"@type\":\"ListItem\",\"position\":2,\"name\":\"Lage\"}]},{\"@type\":\"WebSite\",\"@id\":\"https:\\\/\\\/chalet-st-michael.ch\\\/#website\",\"url\":\"https:\\\/\\\/chalet-st-michael.ch\\\/\",\"name\":\"Ferienhaus Chalet St. Michael\",\"description\":\"\",\"publisher\":{\"@id\":\"https:\\\/\\\/chalet-st-michael.ch\\\/#organization\"},\"potentialAction\":[{\"@type\":\"SearchAction\",\"target\":{\"@type\":\"EntryPoint\",\"urlTemplate\":\"https:\\\/\\\/chalet-st-michael.ch\\\/?s={search_term_string}\"},\"query-input\":{\"@type\":\"PropertyValueSpecification\",\"valueRequired\":true,\"valueName\":\"search_term_string\"}}],\"inLanguage\":\"fr-FR\"},{\"@type\":\"Organization\",\"@id\":\"https:\\\/\\\/chalet-st-michael.ch\\\/#organization\",\"name\":\"Ferienhaus Chalet St. Michael\",\"url\":\"https:\\\/\\\/chalet-st-michael.ch\\\/\",\"logo\":{\"@type\":\"ImageObject\",\"inLanguage\":\"fr-FR\",\"@id\":\"https:\\\/\\\/chalet-st-michael.ch\\\/#\\\/schema\\\/logo\\\/image\\\/\",\"url\":\"https:\\\/\\\/chalet-st-michael.ch\\\/wp-content\\\/uploads\\\/2021\\\/10\\\/cropped-logo.png\",\"contentUrl\":\"https:\\\/\\\/chalet-st-michael.ch\\\/wp-content\\\/uploads\\\/2021\\\/10\\\/cropped-logo.png\",\"width\":158,\"height\":83,\"caption\":\"Ferienhaus Chalet St. Michael\"},\"image\":{\"@id\":\"https:\\\/\\\/chalet-st-michael.ch\\\/#\\\/schema\\\/logo\\\/image\\\/\"}}]}<\/script>\n<!-- \/ Yoast SEO plugin. -->","yoast_head_json":{"title":"Situation - Chalet St. Michael","robots":{"index":"index","follow":"follow","max-snippet":"max-snippet:-1","max-image-preview":"max-image-preview:large","max-video-preview":"max-video-preview:-1"},"canonical":"https:\/\/chalet-st-michael.ch\/francais\/lage\/","og_locale":"fr_FR","og_type":"article","og_title":"Lage - Chalet St. Michael","og_description":"Die Lage vom Chalet St. Michael Anreise &amp; Parkpl\u00e4tze Ankunft beim Chalet Anreise &amp; Parkpl\u00e4tze Das Ferienhaus Chalet St. Michael liegt idyllisch, leicht erh\u00f6ht oberhalb des Hotel Bad \u00fcber dem Schwarzsee. Ein Fussmarsch von ca. 5 Minuten \u00fcber eine Treppe f\u00fchrt Sie zum Chalet. Der Parkplatz f\u00fcr die Fahrzeuge steht beim Hotel Bad zur Verf\u00fcgung. [&hellip;]","og_url":"https:\/\/chalet-st-michael.ch\/francais\/lage\/","og_site_name":"Chalet St. Michael","article_modified_time":"2021-10-18T13:43:37+00:00","og_image":[{"url":"https:\/\/chalet-st-michael.ch\/wp-content\/uploads\/2021\/10\/DSC_2992_Loris-Gross_2921-scaled.jpg","type":"","width":"","height":""}],"twitter_card":"summary_large_image","twitter_misc":{"Dur\u00e9e de lecture estim\u00e9e":"2 minutes"},"schema":{"@context":"https:\/\/schema.org","@graph":[{"@type":"WebPage","@id":"https:\/\/chalet-st-michael.ch\/lage\/","url":"https:\/\/chalet-st-michael.ch\/lage\/","name":"Situation - Chalet St. Michael","isPartOf":{"@id":"https:\/\/chalet-st-michael.ch\/#website"},"primaryImageOfPage":{"@id":"https:\/\/chalet-st-michael.ch\/lage\/#primaryimage"},"image":{"@id":"https:\/\/chalet-st-michael.ch\/lage\/#primaryimage"},"thumbnailUrl":"https:\/\/chalet-st-michael.ch\/wp-content\/uploads\/2021\/10\/DSC_2992_Loris-Gross_2921-scaled.jpg","datePublished":"2020-11-11T01:54:13+00:00","dateModified":"2021-10-18T13:43:37+00:00","breadcrumb":{"@id":"https:\/\/chalet-st-michael.ch\/lage\/#breadcrumb"},"inLanguage":"fr-FR","potentialAction":[{"@type":"ReadAction","target":["https:\/\/chalet-st-michael.ch\/lage\/"]}]},{"@type":"ImageObject","inLanguage":"fr-FR","@id":"https:\/\/chalet-st-michael.ch\/lage\/#primaryimage","url":"https:\/\/chalet-st-michael.ch\/wp-content\/uploads\/2021\/10\/DSC_2992_Loris-Gross_2921-scaled.jpg","contentUrl":"https:\/\/chalet-st-michael.ch\/wp-content\/uploads\/2021\/10\/DSC_2992_Loris-Gross_2921-scaled.jpg"},{"@type":"BreadcrumbList","@id":"https:\/\/chalet-st-michael.ch\/lage\/#breadcrumb","itemListElement":[{"@type":"ListItem","position":1,"name":"Home","item":"https:\/\/chalet-st-michael.ch\/"},{"@type":"ListItem","position":2,"name":"Lage"}]},{"@type":"WebSite","@id":"https:\/\/chalet-st-michael.ch\/#website","url":"https:\/\/chalet-st-michael.ch\/","name":"Maison Chalet St. Michael","description":"","publisher":{"@id":"https:\/\/chalet-st-michael.ch\/#organization"},"potentialAction":[{"@type":"SearchAction","target":{"@type":"EntryPoint","urlTemplate":"https:\/\/chalet-st-michael.ch\/?s={search_term_string}"},"query-input":{"@type":"PropertyValueSpecification","valueRequired":true,"valueName":"search_term_string"}}],"inLanguage":"fr-FR"},{"@type":"Organization","@id":"https:\/\/chalet-st-michael.ch\/#organization","name":"Maison Chalet St. Michael","url":"https:\/\/chalet-st-michael.ch\/","logo":{"@type":"ImageObject","inLanguage":"fr-FR","@id":"https:\/\/chalet-st-michael.ch\/#\/schema\/logo\/image\/","url":"https:\/\/chalet-st-michael.ch\/wp-content\/uploads\/2021\/10\/cropped-logo.png","contentUrl":"https:\/\/chalet-st-michael.ch\/wp-content\/uploads\/2021\/10\/cropped-logo.png","width":158,"height":83,"caption":"Ferienhaus Chalet St. Michael"},"image":{"@id":"https:\/\/chalet-st-michael.ch\/#\/schema\/logo\/image\/"}}]}},"_links":{"self":[{"href":"https:\/\/chalet-st-michael.ch\/francais\/wp-json\/wp\/v2\/pages\/2978","targetHints":{"allow":["GET"]}}],"collection":[{"href":"https:\/\/chalet-st-michael.ch\/francais\/wp-json\/wp\/v2\/pages"}],"about":[{"href":"https:\/\/chalet-st-michael.ch\/francais\/wp-json\/wp\/v2\/types\/page"}],"author":[{"embeddable":true,"href":"https:\/\/chalet-st-michael.ch\/francais\/wp-json\/wp\/v2\/users\/5"}],"replies":[{"embeddable":true,"href":"https:\/\/chalet-st-michael.ch\/francais\/wp-json\/wp\/v2\/comments?post=2978"}],"version-history":[{"count":41,"href":"https:\/\/chalet-st-michael.ch\/francais\/wp-json\/wp\/v2\/pages\/2978\/revisions"}],"predecessor-version":[{"id":7456,"href":"https:\/\/chalet-st-michael.ch\/francais\/wp-json\/wp\/v2\/pages\/2978\/revisions\/7456"}],"wp:attachment":[{"href":"https:\/\/chalet-st-michael.ch\/francais\/wp-json\/wp\/v2\/media?parent=2978"}],"curies":[{"name":"wp","href":"https:\/\/api.w.org\/{rel}","templated":true}]}}